
-11
Let m(h) be the second derivative of 1/60*h**5 + 0 - h + 1/6*h**3 - 7/2*h**2 - 1/8*h**4. Let s(a) be the first derivative of m(a). Calculate s(2).
-1
Let z(u) = 2*u. Let c(y) = -3*y + 4. Let b(m) = 4*c(m) + 7*z(m). What is b(-8)?
0
Let o(j) be the second derivative of -j**5/20 + 2*j**4/3 + 2*j**3/3 + 19*j**2 - 3*j - 44. Give o(9).
-7
Let t(w) = 3*w**3 + 7*w**2 - 1. Let u(q) = -8*q**3 - 20*q**2 + 3. Let v(d) = -11*t(d) - 4*u(d). Suppose 43*a - 116 = -15*a. Give v(a).
3
Let p be 4 - (-56)/(-42)*3*1. Let l(g) = g**2 - 2*g - 30. What is l(p)?
-30
Let l(j) be the third derivative of j**7/5040 + j**6/240 - 7*j**5/12 + j**4/12 - j**2 + 3*j. Let z(g) be the third derivative of l(g). Calculate z(11).
14
Let z(i) be the first derivative of -2*i - 1/4*i**4 + 5/3*i**3 - 127 - i**2. Determine z(3).
10
Suppose 1 = 30*l + 1. Let a(p) = p**3 - p**2 - p - 15. Give a(l).
-15
Suppose -10*g = -g + 57*g. Let k(u) = 2*u**2 - 3*u + 64. Determine k(g).
64
Let b(g) = -35 - 33584*g + 33598*g + 108. Calculate b(-6).
-11
Let h(s) = -21*s**2 - s - 1. Suppose 44*n = 31 - 75. Give h(n).
-21
Let a(y) = -y**3 + 9*y**2 + 10*y + 3. Let x be (40/6)/(370/555). Determine a(x).
3
Let h(t) = 37553 + 0*t - 5*t + 4*t - 37533. Calculate h(5).
15
Let k(x) be the third derivative of -x**5/60 - 13*x**4/12 - 53*x**3/6 + 4*x**2 + 1005. What is k(-23)?
16
Let v(g) be the third derivative of g**6/120 - g**5/12 - 7*g**4/24 + 4*g**3/3 - 8*g**2. Let s be 343/21 - (-1 + (-1)/(-3)). Let a = s + -11. What is v(a)?
2
Let v(s) be the third derivative of -s**4/24 + s**3/3 - 927*s**2 + 2. What is v(12)?
-10
Let c = 1433 + -1421. Let j(w) be the third derivative of w**5/60 - 7*w**4/12 + 5*w**3/2 + 19*w**2. Determine j(c).
-9
Let w(x) be the first derivative of x**2 - 12*x - 319. Calculate w(2).
-8
Suppose 2*n = 4*a - 172, -4*a + 77 = 5*n - 95. Let x(v) = -19 + 13*v + a + 12*v**2 - 6 - 11*v**2. What is x(-12)?
6
Let q(a) = -3*a - 3*a - 2*a**2 - 4*a**2 - 7 - a**3. Let u = -3636 + 3631. Give q(u).
-2
Let w(y) be the first derivative of y**4/4 + 5*y**3/3 - 2*y**2 + 4*y - 6. Suppose -2*a = -2831 + 2843. Give w(a).
-8
Let x(z) = 17 - 32*z**3 - 24*z - 44*z**2 + 33*z**3 + 68*z**2 - 28*z**2. What is x(7)?
-4
Let t be 5619 - (-1)/(6/108*6). Let g(h) = -5 - t*h - 5 + 5630*h + 2 - h**2. Let z(v) = v**2 - 3*v + 2. Let q be z(4). Calculate g(q).
4
Let i be (-4)/(1 + -5 + 2). Let y(t) = -3*t**2 - t**2 - 4*t**i - t**3 + 3*t**2 - 3*t - 6. Let g = 1159 - 1164. Give y(g).
9
Let m(k) = 0*k**2 - 35670*k + 35640*k - 182 + k**2. What is m(-5)?
-7
Let z = 9 - -2. Suppose -z = 3*j + 13. Let b(o) = -3*o**3 - 27*o**2 + 3*o - 1. Let p(a) = -2*a**3 - 18*a**2 + a. Let r(n) = 5*b(n) - 8*p(n). What is r(j)?
3
Let w(s) = -2*s + 1. Let t = -25 + 43. Let v(d) = -t*d - 1 + 12*d + 7*d. Let m be v(2). Give w(m).
-1
Let d(k) = -6*k**2. Let c be (28 - 21) + (-3)/1. Suppose 3*q - 2*z - 20 = -2*q, -q - 23 = 5*z. Suppose 6*s - c = q. Calculate d(s).
-6
Let l(r) = 2*r**3 - r**2 - 3*r. Let w be 3/6*-4 - (-2 - -3). Give l(w).
-54
Let j be (695*(24/(-20) - -4))/1. Let p(s) = -1946*s - 4 + 3 + 3*s**2 + j*s. Suppose -3*g = 5*i - 5*g + 5, -i - 1 = -g. Calculate p(i).
2
Let s(d) = -5*d**3 - 4*d**2 + d + 4. Let i(b) = 3*b**3 + 2*b**2 - b - 2. Let l(c) = -3*i(c) - 2*s(c). Give l(-3).
-14
Let n be (4/8)/(-2 + (-147)/(-72)). Suppose a + 5*u = -2 + 9, 4*u - n = -4*a. Suppose -a*m = -f - 9, 0 = -8*m + 6*m - 2*f. Let x(v) = -3*v + 2. Determine x(m).
-7
Let d(g) = -3*g + 13. Suppose 54*b + 26*b = 160. Give d(b).
7
Let a(q) = -q**2 + 29*q - 97. Let m be a(4). Let n(f) = m*f - 3*f - 3*f + 953 - 944. What is n(4)?
-3
Let v(j) = 7*j - 229. Let z(b) = 14*b - 560. Let g(h) = 10*v(h) - 4*z(h). What is g(5)?
20
Let p(g) = g**2 - 10*g + 11. Let w(b) = b**3 + 12*b**2 + 3*b + 47. Let u be w(-12). What is p(u)?
22
Let v be (-2)/(-9) + 1560/270. Suppose -v*g = -9*g - 12. Let w(p) = -p**2 - 2*p - 3. What is w(g)?
-11
Let s(h) be the third derivative of -h**7/840 + h**6/60 - h**5/20 + 7*h**4/24 - 32*h**3/3 - 35*h**2. Let a(n) be the first derivative of s(n). Determine a(5).
2
Let b(d) = -21 - 95*d**2 - 1 - 90*d**2 + 278*d**2 - 95*d**2 - 31*d. Give b(-15).
-7
Let c(f) be the second derivative of -f**5/20 + f**4/4 + 2*f**3/3 - 2*f - 325. Calculate c(3).
12
Let k = 9970 + -9968. Let q(o) = 5*o - 17. Calculate q(k).
-7
Let l(n) = n - 12. Let g = 226 + -198. Let i = 2 - -7. Suppose -g = -i*q + 44. Give l(q).
-4
Let f(n) be the third derivative of n**5/60 - 5*n**4/12 + 10*n**3/3 + 5*n**2 + 2*n - 102. Calculate f(2).
4
Let p(a) = -1 - 8*a + 5*a**2 - 6*a**2 - 8. Suppose -j = 2*o + 11, -6*o - 2*j = -9*o - 6. Give p(o).
7
Let q(m) = -m**2 + 13*m - 13. Suppose -2*n - 2*z = -18, 5*n - 195*z - 57 = -196*z. Give q(n).
-1
Let v(g) = 9*g**2 - 3*g + 19. Let i(y) = -8*y**2 + 2*y - 16. Let x(m) = 6*i(m) + 5*v(m). Suppose -h - 10 + 8 = 0. Calculate x(h).
-7
Let u(y) = -2*y**3 - 12*y**2 - 6*y - 5. Suppose 13 = -17*l - 89. Give u(l).
31
Let m(p) = -13*p**3 + 28*p**2 + 11*p - 2. Let u(n) = -8*n**3 + 17*n**2 + 7*n - 1. Let x(a) = 5*m(a) - 8*u(a). Let l = 7 - 4. Calculate x(l).
4
Let z(u) = -u**3 - 2*u**2 - 3*u - 1. Let s = 4244 - 4246. Determine z(s).
5
Let z(v) = -13*v**2 + 26*v - 38. Let w(r) = 32*r**2 - 54*r + 75. Let g(y) = 2*w(y) + 5*z(y). Determine g(19).
17
Let f(g) = g - 1. Suppose 0*a - 21*a = 21. Let i(v) = -2*v - 2*v - 2*v - 7 - v. Let r(h) = a*i(h) - 6*f(h). Calculate r(-10).
3
Let m = -29 + 38. Suppose 0 = -m*q + 8*q + 53. Let v(d) = 67*d - 4 - q*d + 4. Give v(-1).
-14
Let c(b) = -84*b - 19. Let i(j) = -118*j - 28. Let q(h) = 7*c(h) - 5*i(h). What is q(-6)?
-5
Let i = 51 + -51. Let l(y) = -6*y + i*y + 5*y. Let n = -13 - -10. Calculate l(n).
3
Suppose 5*f + 25 = 5*z - 65, 3*f = 4*z - 52. Let t = 87 + -81. Let g be (f/t - -4)*6. Let c(y) = 2*y - 2. What is c(g)?
6
Let m(k) = k**3 - 3*k**2 + 3*k + 10*k**2 + 2*k. Let j be (3 + 1)/((-384)/360 + 4/10). Give m(j).
6
Let v(d) = 18*d - 5. Let x(k) be the second derivative of 35*k**3/6 - 4*k**2 - k - 1. Let s(c) = -5*v(c) + 3*x(c). What is s(-2)?
-29
Let p(i) = -4*i + 3. Let t(w) = 3*w - 3. Let g(d) = -3*d - 25. Let r be g(-10). Let k(l) = -4*l + 17. Let n be k(r). Let c(u) = n*t(u) - 2*p(u). Give c(9).
-6
Let u = -104 + 159. Suppose 8*m = 5*y + 3*m + u, 0 = -2*y + 4*m - 30. Let p(i) be the first derivative of i**4/4 + 2*i**3 - 3*i**2 + 9*i - 285. Determine p(y).
2
Let w(b) = 0 - 1 + 135*b - 344*b + 194*b. Let r = -5 - -6. Give w(r).
-16
Suppose 28 = 14*g - 0. Let k(o) = o**g + 21*o - 17*o + 10 - 10*o. Determine k(7).
17
Let o = 12995 - 12994. Let s(h) = 24*h. Calculate s(o).
24
Let k(v) = 2*v + 5. Let s(a) = -5*a - 14. Let m(c) = -17*k(c) - 6*s(c). Let d(h) = 11*h + 20. Let t be d(-4). Let i = -27 - t. Determine m(i).
11
Let n(l) = l**3 + 6*l**2 - 3*l - 15. Suppose 3*a = u - 286, -5*u + 4*u + 291 = 2*a. Let h = u + -295. Give n(h).
3
Suppose 18*w - 5 - 31 = 0. Let g(k) = 5 - k + 4*k - 3 - 1. Calculate g(w).
7
Suppose 0 = l + 2*d - 14, 5*l - 20*d = -16*d + 98. Suppose 0 = -12*j - 54 - l. Let g(k) = -2*k + 4. Calculate g(j).
16
Suppose i + 5 = 1. Let j(m) = -5 - m**2 + 5 + 4*m**2 + 2*m - 2*m**2 + 4. Give j(i).
12
Let o(w) = 3*w - 43. Let g be o(15). Let f = -4 + 5. Let d(j) = j + j**g - f + 6 + j. Give d(-4).
13
Let i(h) = h**3 + 4*h**2 - 13*h - 4. Let w be i(-6). Let d(o) = -4*o - 7*o**2 + o**3 - 2*o**3 + 0*o**2 + 11*o**2 - 9*o**w + 4. Determine d(-4).
4
Let n(s) be the third derivative of s**6/120 - 2*s**5/15 - s**4/12 - 11*s**3/6 + 8*s**2 + s + 24. Determine n(6).
-95
Let r(k) = -k + 2. Let x = -14 + 18. Suppose 0 = z + 5*g + 11, 3*g + 27 = x*z - 8*z. Determine r(z).
8
Suppose g = b, 5 = -2*g - 2*b - 11. Let r = -2 - g. Let h(s) = -6*s - r*s**2 - 5 - 7*s + 21*s. Determine h(5).
-15
Let i(c) be the second derivative of -c**4/12 - 7*c**3/6 + 5*c**2/2 + 4*c. Suppose 4 - 10 = -3*m. Suppose -5*r - 33 = m. Give i(r).
5
Let f(k) = k + 2. Let l(q) be the second derivative of 0 + 3/2*q**2 + 12*q + 1/3*q**3. Let a(u) = 5*f(u) - 3*l(u). What is a(2)?
-1
Let z(g) = -4*g**3 + 28*g**2 - g + 11. Suppose 0 = 121*c + 165 - 492 - 520. Calculate z(c).
4
Let l(p) = p**3 - 9*p**2 + 8*p. Let h be 1*1*(0/4 - 1). Let x be h - (-3 + (-1 - 5)). Calculate l(x).
0
Let l be ((-6)/(-8))/((-1)/(-1 - 3)). Let a(g) be the third derivative of -g**5/20 + g**4/8 + g**3/